g(s) = 2*s**3 - 8*s**2 - 8*s - 1. Let h(b) = 6*g(b) + 13*k(b). Let a = 25 + -20. Give h(a).
2
Let c(w) = w**2 - 2*w. Let n be c(2). Suppose n = -3*i - 0*i + 6. Let j(v) = 4 + v**i + 1 - 1 - 6*v. What is j(5)?
-1
Let x(t) = -t**3 + 5*t**2 - 5*t + 4. Let m(j) = -4*j**2 + 0*j**3 + 4 - 5*j + j**3 - 1. Suppose -8*u + 6*u + 10 = 0. Let y be m(u). Give x(y).
7
Let u(t) = 13*t**3 + 2*t**2 - 2*t + 1. Suppose -y + 2*w = -3, -3 = 5*y - 9*y - w. What is u(y)?
14
Let k(l) = -6*l**2 + l + 2. Let y(s) = -6*s**2 + 2*s + 3. Let n(x) = -3*k(x) + 2*y(x). Give n(-1).
5
Let g = -41 + 44. Let h(y) = y**2 - 5*y + 4. Calculate h(g).
-2
Let l(p) = -p**3 + 5*p**2 + p. Let v(n) = -n - 3. Let r be v(-8). Suppose 0 = -2*t + r*t - 15. Calculate l(t).
5
Let k be 0 + (-5)/((-15)/9). Let a(o) = -k*o + 4 - 3 - 6 + 0*o. Give a(-4).
7
Let v(b) = -b**3 + b**2 - 3*b + 1. Let f(g) = -2*g**3 - 2*g - 2. Let y be f(-2). Let m be 6/y + (-5)/(-3). Determine v(m).
-9
Let x(p) = 2*p. Let o be (2/(16/(-12)))/((-1)/2). Determine x(o).
6
Let m(u) = 4*u. Let h be 3/6 - 14/(-4). Suppose h*s + 2*x - 4 = 0, -3*x + 7 = s + 16. Suppose s = 5*b - 2. Determine m(b).
4
Let b(a) = -2*a**2 + 2*a - 3. Let k(t) = t**2 + 3. Let q(n) = 2*b(n) + 3*k(n). Let i(m) = m**2 - 2*m + 1. Let c be i(3). Calculate q(c).
3
Let x = 11 + -14. Let o = 10 + -8. Let b(d) = d - d**o + 2*d**2 + 1 - 5*d + d**3. What is b(x)?
-5
Let a(c) = 3*c**3 - 9*c**2 - 14*c - 9. Let w(l) = l**3 - 3*l**2 - 5*l - 3. Suppose -17 = 8*x - 9*x. Let k(u) = x*w(u) - 6*a(u). Give k(3).
0
Suppose 12 = 4*i + 40. Let b(h) = -4 - 7 - h + 0. What is b(i)?
-4
Let f be ((-12)/5)/(6/(-15)). Let a(k) = 2*k - 9. Determine a(f).
3
Suppose 4*w + 4*t = -6 + 42, -4*w + 30 = t. Let k(u) = u**3 - 6*u**2 - 10*u - 3. Determine k(w).
-24
Let q(x) = x**2 + 2*x + 2. Let v = 4 + 0. Let s(b) = b**2 - 4*b + 5. Let z be s(v). Let n be z/(-3) + 1/(-3). Calculate q(n).
2
Let m(s) = -s**3 + 5*s**2 - 6*s. Let f(r) = r**2 - r. Let z(o) = -5*f(o) + m(o). Let d(g) = g**3 - 2*g**2 - 1. Let u be d(2). What is z(u)?
2
Let y(h) = 4*h + 8. Let d = -86 + 80. Determine y(d).
-16
Suppose 3*c + 4*f + 22 = 0, -2*f + 0 = -3*c + 2. Let p be (-6)/(-9)*3/c. Let t(w) = w**2 + 1. Calculate t(p).
2
Let x(i) = -2 + 2 - 1 + 5*i. Let n be (-12)/(-8)*6/9. Determine x(n).
4
Let n(u) = 8*u + 13. Let f(j) = 3*j + 4. Let i(r) = 7*f(r) - 2*n(r). What is i(2)?
12
Suppose -4*s - 4*f = 4, 4*f = -5*s - 3 + 1. Let y be 0 - (-3 - (s - 2)). Let h = y - 3. Let b(i) = i + 8. What is b(h)?
8
Let b(x) = -2*x**2 - x. Let l(p) be the first derivative of p**2/2 + 3*p - 2. Let q be l(0). Suppose 0 = -q*k - c + 2 - 10, -4*k = -5*c - 21. Calculate b(k).
-1
Suppose 3 = 3*q - 9. Let n(y) = 3*y - 9. Let a be n(q). Let j(c) = 3*c + 2. Determine j(a).
11
Let g(o) = -o + 2*o + 2 + o. Let s be 2/1*(3 + -5). Calculate g(s).
-6
Let u(d) = 2*d**2 - 3*d + 3. Let q(n) = -4*n**2 + 6*n - 7. Let x = 5 + 0. Let y(f) = x*u(f) + 2*q(f). Determine y(2).
3
Let j(a) = -3*a - 4. Suppose -2*f = -i + 5, -4*i + 2*f - 3 = 1. Let b be i/9*(0 - -9). Calculate j(b).
5
Suppose g + 1 = 2*g. Let i(y) = 6 - g - 8 + 3*y. Give i(4).
9
Let c(s) = -s**2 - s - 7. Let q = 13 + -10. Suppose -q*b = -0*b. What is c(b)?
-7
Let w(s) = -s**2 - 4. Let d be (0 + -1)*1 + 7. Let b = -6 + d. Give w(b).
-4
Let h = 39 + -26. Let p = h + -8. Let s(l) = 6*l - 6*l + 6 - l**3 + p*l**2. Give s(5).
6
Let i(t) = 9*t**2 - 3*t**2 + 215 - t**3 + t - 207. Let a(k) = 6*k**2 - k - 1. Let v be a(-1). Determine i(v).
14
Let t = -4 - -6. Let a be ((-2)/(-4))/(t/(-4)). Let x(f) = 12*f + 2. Let o(h) = -6*h - 1. Let r(g) = 9*o(g) + 4*x(g). Calculate r(a).
5
Let s be (-2*5/30)/((-2)/6). Let g(i) = -2*i - 1. Calculate g(s).
-3
Let c(l) be the first derivative of -1 - l - 9/2*l**2. Determine c(-1).
8
Let m be ((-1)/(-2))/((-2)/(-4)). Let i = m + -2. Let r(k) = 4*k - 5. Let d(j) = -1. Let f(g) = i*r(g) + 6*d(g). Calculate f(1).
-5
Let v(c) = -3*c - 7 + 3*c**2 - 2*c**2 + 6*c. Suppose 3*x - r + 9 = 0, -2*x - r - 9 = 2. Let y be (2/x)/((-2)/(-20)). Determine v(y).
3
Suppose -8*z + 13*z - 25 = 0. Suppose 38 = 5*c - 3*i + z*i, -4*c + 4*i = -8. Let r(n) = n - 4. Give r(c).
2
Let f(h) = -h - 1. Let z(b) be the first derivative of b**2/2 + 6*b + 3. Let i(s) = f(s) - z(s). Calculate i(-6).
5
Suppose 0*t = -3*t - 9. Let h(k) be the second derivative of k**3/6 - k**2/2 + 4*k. What is h(t)?
-4
Let w(u) be the first derivative of 0*u**2 + 4*u + 1 - 1/3*u**3. Calculate w(-3).
-5
Let f(j) be the first derivative of j**4/4 - j**3/3 + j**2/2 - 3*j + 15. Give f(0).
-3
Let t be ((-2)/(-2))/(2/(-2)). Let v = 3 + t. Suppose -v*a + 20 = 2*a. Let h(f) = -f**3 + 5*f**2 + f - 5. Give h(a).
0
Let j(m) = m**3 - m**2 - 1. Let y(t) = -10*t**3 + t**2 + t - 1. Let f(u) = -j(u) + y(u). Give f(-1).
12
Let w(z) = z**2 - 6*z - 5. Let r(x) = -3*x**2 + 18*x + 16. Let b(y) = 6*r(y) + 17*w(y). What is b(9)?
-16
Let g(s) = 377*s - 388*s + 2 - 2. What is g(1)?
-11
Let u = 5 - -3. Let z(w) = -8*w + u*w - w**2. Calculate z(-2).
-4
Let b(n) be the third derivative of n**7/2520 + n**5/15 - 5*n**2. Let y(v) be the third derivative of b(v). Calculate y(3).
6
Let b(t) be the third derivative of t**4/24 + t**3 - 12*t**2. Calculate b(0).
6
Let l(w) be the third derivative of w**5/60 - w**3/6 - 4*w**2. Let n be l(-2). Let o(i) = i**2 - 3*i + 3. Calculate o(n).
3
Let h(n) be the first derivative of -n**4/12 - 7*n**3/6 + 3*n + 3. Let b(d) be the first derivative of h(d). Calculate b(-5).
10
Let o(s) = s**3 - 5*s**2 + 3*s + 3. Suppose 0 = -q - q - 4*h - 32, -5*q - 55 = 5*h. Let g = -3 + 2. Let n be q/4*g*2. Give o(n).
-6
Suppose -2*m - 1 = -5. Let d(c) = -5*c + m - 5*c**2 + c - 1 + 3*c. Give d(1).
-5
Let s = -3 - -6. Let y be 0/2*(-2)/2. Let c(h) = -2 + y*h - 1 + h. Calculate c(s).
0
Let q(k) = -k**2 - 6*k. Let s be (55/33)/(2/(-6)). What is q(s)?
5
Suppose 0 = -9*p - 0 - 0. Let o(i) = -6*i - 7. Let w(n) = -5*n - 6. Let h(m) = -4*o(m) + 5*w(m). Give h(p).
-2
Let x(f) = -f**3 - 3*f**2 + 4*f. Let m(c) = 13*c - 1. Let h be m(1). Suppose -3*j + h = -6*j. Calculate x(j).
0
Suppose -w - 12 = -4*w. Let v(s) = 3*s - s - 9 + 2*s - 3*s. Calculate v(w).
-5
Let g(y) be the third derivative of y**6/120 - 2*y**5/15 - y**3/2 - 5*y**2. Let w = -30 - -38. Determine g(w).
-3
Let a(l) = -l**2 + 8*l - 7. Let b be 2/(-3) + 306/(-27). Let q = b + 17. What is a(q)?
8
Let k(o) = 9*o - 3. Let p be k(1). Let x(h) = -h**3 + 6*h**2 + h - 1. Give x(p).
5
Let n(b) = 7*b**3 - 5*b + 5. Let a(v) = -4*v**3 + 3*v - 3. Let c(y) = -10*a(y) - 6*n(y). What is c(-2)?
16
Let l(o) = -2. Suppose 2*r + r = 6. Let n(w) = w. Let a(p) = r*n(p) + 2*l(p). Calculate a(4).
4
Let u(h) = -5*h**3 + h**2 - h - 1. Let l(q) = -2*q**2 - 2*q + 2. Let i be l(-3). Let y be 4/10 - (-64)/i. Let o = -7 - y. Determine u(o).
6
Suppose a = -0*a. Let x(o) be the second derivative of 1/6*o**3 + o + 0 - 1/2*o**2. Determine x(a).
-1
Suppose 3*r = -8 + 2. Let w(h) be the second derivative of -h**5/20 - h**4/6 + h**3/3 + h**2 + 4*h. Give w(r).
-2
Let k(j) = -4 - j + j**2 - 2*j + 2*j. Let i(a) = a**2 + 2*a - 1. Let x be i(-3). Let p be 3/(x + (0 - 1)). Give k(p).
2
Suppose 0 = -25*n + 19*n + 24. Let u(x) be the second derivative of -1/12*x**n + 1/2*x**2 - 2/3*x**3 + 0 - x. Determine u(-4).
1
Let a(c) = -c - 12. Suppose 0 = 6*q + 62 - 26. What is a(q)?
-6
Let g(n) = -n**2 - 5*n - 18. Let c(h) = -h - 1. Let o(f) = 5*c(f) - g(f). Calculate o(0).
13
Let i(y) = -y**3 + y**2 + y + 2. Let g(m) = -3*m**3 + 5*m**2 + 4*m. Let w(x) = -g(x) + 2*i(x). Calculate w(3).
-2
Suppose 0*p = 2*p + 4. Let l = -6 - p. Let i(g) = -14*g + 12. Let t(q) = -5*q + 4. Let a(m) = 6*i(m) - 17*t(m). Calculate a(l).
0
Let s(b) be the second derivative of b**3/6 + 3*b**2/2 + b. Let r = 6 - 6. Suppose -4*w - w + 3*f = 15, 3*w + 4*f + 9 = r. Determine s(w).
0
Let o(t) be the first derivative of -t**4/2 + 2*t**3/3 + t + 40. What is o(2)?
-7
Let v = 6 - 4. Let h be -3 + 8 + -2 + 1. Let l(p) = -p**2 + 5 - 3 - h. Determine l(v).
-6
Let h(u) = 7*u**2 + u. Let l be 1/3 - 22/(-33). Determine h(l).
8
Let x(r) be the second derivative of r**4/12 - r**3/6 - r**2 - 10*r. Determine x(4).
10
Let t(d) = -3*d - 6. Let x be t(-4). Let o(n) = 4*n - 3 + 4 + 4*n - 6. Let r(i) = 7*i - 5. Let w(s) = x*r(s) - 5*o(s). Calculate w(-4).
-13
Let h(x) be the first derivative of